f l?
5
What is the hundreds digit of -1 + 6/7 + (-77472)/(-168)?
4
What is the tens digit of 3766/4 + (-7)/14?
4
Let x = 2188 - -691. What is the hundreds digit of x?
8
What is the hundreds digit of ((-124)/(-14) - 9) + (-1415)/(-7)?
2
Let h(z) = z**2 - 3*z - 14. Let k be h(6). Suppose 0 = j + k*j - 305. What is the tens digit of j?
6
Let b(f) = 5*f**3 - 2*f**2 - 2. Let d be b(2). Suppose d = -2*s + 3*o, -5*s = 3*o + 27 + 48. What is the tens digit of (-24)/s*(9 + 1)?
1
Suppose -3*p + 0*p - 4*a - 1 = 0, 0 = -5*p - 2*a + 17. Suppose 0 = -p*n + 422 + 428. What is the hundreds digit of n?
1
Suppose -z - t = -75, 8*t + 59 = z + 5*t. What is the tens digit of z?
7
Suppose 0 = -r + 2, 0*r + 76 = 4*s + 2*r. Let m = s + 3. Suppose 0 = y - 24 - m. What is the units digit of y?
5
Suppose 74*w = 71*w + 318. What is the hundreds digit of w?
1
Suppose -2760 = -8*b + 3400. What is the hundreds digit of b?
7
Suppose -143 = -2*n - 849. Let b = n + 525. What is the units digit of b?
2
Let b(k) = -28*k + 327. What is the units digit of b(0)?
7
Let z(v) = v**3 - 12*v**2 - 19*v + 5. Suppose -4*p + s + 45 = -14, -p + 17 = -s. What is the tens digit of z(p)?
3
Suppose 500 + 281 = 11*h. Suppose -3*f + 58 = r, -3*r = 2*f - h - 82. What is the units digit of r?
9
Suppose 5*u - 22*u = -1394. What is the tens digit of u?
8
Let c be 72/(-2)*25/(-20). Let m = c - 6. Suppose 3*k = z - 4*z + m, 55 = 4*k + 3*z. What is the tens digit of k?
1
Let n be 2/(-12) + (-117)/(-54). Let x(c) = 2*c**2 - 5*c + 4. Let d be x(2). Suppose 5*j = -d*s - s + 20, -15 = -n*s - 5*j. What is the units digit of s?
5
Let v(s) = s**3 + 9*s**2 - s - 1. Let h be v(-9). Suppose h*k = 9*k - 62. Suppose 2*m = 2*y - k, -m = -6*m. What is the tens digit of y?
3
Let q = 39 - -33. Suppose -q*o + 92 = -71*o. What is the units digit of o?
2
Let i(d) be the second derivative of 0 + 1/3*d**3 - 6*d + 1/20*d**5 + 0*d**2 + 2/3*d**4. What is the tens digit of i(-7)?
3
Let y(i) = -5*i**3 + 12*i**2 + 4*i - 2. Let u(d) = 9*d**3 - 23*d**2 - 7*d + 3. Let l(w) = -6*u(w) - 11*y(w). Let q = -16 - -10. What is the units digit of l(q)?
6
What is the hundreds digit of (-6)/(-24) - (-17116)/16?
0
Let r(n) = 45 + 6*n - 53 + 61. What is the tens digit of r(21)?
7
Suppose -14 = -3*y - 5. Suppose -5*p + y*b = 5, -p + 0*b = -4*b + 18. Suppose -23 - 3 = -p*t. What is the tens digit of t?
1
Suppose 17*s = 20*s + 4*g - 10099, -5*s = g - 16809. What is the thousands digit of s?
3
What is the tens digit of (-6 - -10)/(-4) + 279?
7
Let r(m) = -m**3 - 4*m**2 - 5*m. Let i be r(-4). Let w(k) = k**2 - 8*k - 3. Let t be w(8). Let g = i + t. What is the tens digit of g?
1
What is the hundreds digit of (-72)/612 + 5714/17?
3
Let k(a) = 44*a**3 - 8*a**2 + 3*a + 9. What is the hundreds digit of k(4)?
7
Let q = 134 - 141. Let w(u) = -u**3 - 5*u**2 + u + 19. What is the tens digit of w(q)?
1
Let a(o) be the first derivative of -o**3/3 - 7*o**2/2 + 6. Let d be a(-6). Suppose 4*l = d - 2. What is the units digit of l?
1
Let x be 2/(-3) + (-28)/12. Let t be 1 - (1 - (x - -3)). Suppose -5*i = -4*a + 76, t*i = 5*a + i - 66. What is the tens digit of a?
1
Suppose 10*l = 666 + 184. Suppose 0 = 3*x + 3*m - 18, 0 = 4*x - 8*m + 4*m - 16. Suppose 29 = n - 3*z, z - l = -x*n + 4*z. What is the tens digit of n?
1
Let x = 1918 + -1342. What is the units digit of x?
6
Suppose -3*r = 5*c + 19, -3*r - r = 3*c + 18. Let i = -6 + r. Let k(p) = p**2 + 6*p - 6. What is the units digit of k(i)?
1
Let t(a) be the third derivative of 7*a**4/24 - 4*a**2. Let n be t(-2). What is the units digit of n/(-35) - (-66)/10?
7
Let v(c) = 7 - 5*c + 1 - 1. Let r(x) = 4*x - 6. Let g(t) = 4*r(t) + 3*v(t). What is the units digit of g(7)?
4
What is the hundreds digit of -3*-4*366/36?
1
Suppose -2111 = 13*m - 5790. What is the hundreds digit of m?
2
Let v(a) = a**3 + 8*a**2 - 2*a - 13. Let s be v(-8). Let o be (1 - 2)*(-12)/s. Suppose 90 = -2*j + o*j. What is the units digit of j?
5
Let r(g) = g - 2. Let c be r(-4). Let w be c/21 - (-135)/7. Let u = w - 7. What is the tens digit of u?
1
Suppose -2*d + c - 2 = -554, -2*c - 552 = -2*d. Suppose -3*p + d = o - 51, -o = 4*p - 437. What is the units digit of p?
0
Let v = -196 - -785. What is the hundreds digit of v?
5
Let w(z) = 5*z. Let n be w(4). Suppose -4*k = -g - 70, -5*g + 21 = 3*k - n. What is the tens digit of k?
1
Suppose -5*u + 135 = 5. Let j = u + -26. Suppose 6*h - 2*h - 180 = j. What is the units digit of h?
5
Suppose 96 = -9*x + 10*x. Let d = x - 56. What is the tens digit of d?
4
Let b be (-1)/(-4) + (-11457)/(-76). Suppose 3*r - b = 4*i, 5*r - i - i = 275. What is the tens digit of r?
5
Let h = 7 - 5. Suppose 13 - 37 = -4*p - 3*b, 4*b = 16. Suppose -p*f + 125 = h*f. What is the tens digit of f?
2
Let l = -17 - -20. Suppose 4*g + 2 = -l*o + 6, -4*o - 5*g + 5 = 0. What is the tens digit of 3 + 27 + 3 + o?
3
Let j = -40 - -45. Let v = 16 - 10. Suppose v*t + 12 = -u + t, -5*t = j*u - 20. What is the units digit of u?
8
Let a(s) = 2*s**3 + 9*s**2 + 25. What is the hundreds digit of a(7)?
1
Suppose -59*k = -54*k - 185. What is the tens digit of k?
3
Suppose u + 15 - 23 = 0. Let i = u + 5. What is the units digit of i?
3
Let z = -1693 + 5364. What is the units digit of z?
1
Suppose -4*p + 500 - 136 = 0. Suppose -220 = -4*w - s - 3*s, -2*w + 106 = 4*s. Let t = p - w. What is the tens digit of t?
3
Let x = 174 - 184. Let g(s) = -13*s - 4 + s**3 + 0*s**2 - s + 9*s**2. What is the tens digit of g(x)?
3
Suppose 0*u + 2*n = -3*u - 53, -5*u - 5*n - 80 = 0. Let g = 24 + u. Suppose -g*v - 2*t = -4*t - 136, 5*v + 3*t - 214 = 0. What is the units digit of v?
4
Suppose -3*m + 5 = -2*m. Let p be (78/m)/((-6)/(-80)). Suppose -67 = 3*z - p. What is the units digit of z?
7
Let c(a) = -39*a - 483. What is the hundreds digit of c(-37)?
9
Suppose -5*h + 5*c + 65 = 0, 0*h + 3*h = 4*c + 43. Let y(f) = -5*f - 9*f + h*f**2 - f**3 - 1 + 3*f - 6. What is the units digit of y(6)?
5
Let c = 23 + -20. Let y be (c - (-10)/(-4))*0. Suppose 5*i + 2*k - 18 = y, -19 = -3*i - 2*k - 5. What is the units digit of i?
2
Suppose 3*d - 16 = -2*n, -n - 2*d + 21 = -7*d. Let u = n - 7. Suppose 3*z + 17 = g, -20 = g - 2*g + u*z. What is the units digit of g?
8
Let z be 54/15 + 2/5. Let o be 70/4 - 18/(-36). Suppose -6 = z*j - o. What is the units digit of j?
3
Let m(r) = r**2 + 4*r + 3. Suppose 5*o = 4*o - 4. What is the units digit of m(o)?
3
Let v be -1 + 1*10/(-5). What is the units digit of (-160)/(-6)*(6 + v)?
0
Let z = -53 - -213. Suppose -18*w + z = -14*w. What is the tens digit of w?
4
Let n(q) = 6*q**2 + 2. Let x = 13 - 23. Let i be (4/x)/(6/(-30)). What is the tens digit of n(i)?
2
Suppose r + 376 = 5*k - 3*k, 0 = 3*k - r - 566. What is the units digit of k?
0
Let n be ((-2)/3)/((-6)/18). Suppose -2*b - 6 = -s + 3, -5*b + n*s = 23. Let v(y) = -2*y + 7. What is the tens digit of v(b)?
1
Let n(v) = v**2 + 2*v + 148. What is the hundreds digit of n(-28)?
8
Let w(k) = k - 15 + 4*k - 11 + 5. Let g be w(14). Let b = g + -29. What is the tens digit of b?
2
Let x = 905 + -443. Suppose -3*i - x = -10*i. What is the units digit of i?
6
Let t = 16 + -8. Let r(u) be the first derivative of u**4/4 - 7*u**3/3 - 3*u**2/2 - 19*u - 9. What is the tens digit of r(t)?
2
Suppose 16*b - 230 = 6*b. What is the tens digit of b?
2
Let o(l) = 28*l - 1. Suppose 4 = -6*u - 86. Let g = 17 + u. What is the tens digit of o(g)?
5
Let r = 11 + -18. Let y(m) be the third derivative of -m**4/12 + m**3/6 - m**2. What is the tens digit of y(r)?
1
Suppose 3*m + 2*c = -10, 2*m - m + 3*c + 15 = 0. Suppose 0 = -3*r + 3, m*s + 4*r = -5*s + 174. What is the tens digit of s?
3
Let a = -782 - -1709. What is the units digit of a?
7
What is the tens digit of -3 + 4 - 7 - -662?
5
Let q(h) = 4258*h**2 + 15*h - 16. What is the thousands digit of q(1)?
4
Let p(i) = 73*i**2 - 6*i - 27. What is the hundreds digit of p(-7)?
5
Let t(l) be the third derivative of 25*l**4/24 + l**3/2 + 5*l**2. Let c(j) = j**2 + 1. Let g be c(1). What is the tens digit of t(g)?
5
Suppose 2*u = w + 159, -5*u + 393 = w - 2*w. What is the tens digit of u?
7
Let m(i) = 26*i + 18*i - 9 + 3 - 11*i. Let t be m(4). Suppose 0 = 4*y + 22 - t. What is the units digit of y?
6
Let b be 31/4 + ((-54)/(-8))/(-9). Let a(h) = 2*h**3 - 9*h**2 - 13*h + 22